377
What are the prime factors of 105307699?
7, 827, 18191
List the prime factors of 420210523.
420210523
List the prime factors of 56382222.
2, 3, 13, 722849
What are the prime factors of 98122249?
17, 5771897
What are the prime factors of 66769618?
2, 33384809
What are the prime factors of 1688675045?
5, 337735009
What are the prime factors of 383236075?
5, 15329443
List the prime factors of 23294293.
11, 2117663
List the prime factors of 4870000029.
3, 19, 53, 241, 6689
List the prime factors of 94915593.
3, 113, 93329
What are the prime factors of 340377130?
2, 5, 53, 557, 1153
List the prime factors of 27886024.
2, 3485753
What are the prime factors of 373940998?
2, 601, 311099
What are the prime factors of 22402405?
5, 4480481
What are the prime factors of 37720142?
2, 2311, 8161
What are the prime factors of 98892008?
2, 557, 22193
What are the prime factors of 745621291?
23, 29, 59, 18947
List the prime factors of 404146690.
2, 5, 31, 487, 2677
List the prime factors of 9044271.
3, 334973
What are the prime factors of 192331853?
7, 331, 83009
List the prime factors of 1764189084.
2, 3, 7, 21002251
List the prime factors of 181368554.
2, 90684277
What are the prime factors of 155548675?
5, 439, 14173
List the prime factors of 91789136.
2, 23, 249427
What are the prime factors of 1073730800?
2, 5, 29, 151, 613
List the prime factors of 174159789.
3, 887, 65449
What are the prime factors of 1075634260?
2, 5, 53781713
List the prime factors of 38757646.
2, 19378823
List the prime factors of 26811325.
5, 983, 1091
List the prime factors of 198078659.
233, 239, 3557
List the prime factors of 651678088.
2, 167, 487783
What are the prime factors of 44876563?
43, 487, 2143
List the prime factors of 213464290.
2, 5, 13, 1642033
What are the prime factors of 793390501?
793390501
What are the prime factors of 70410113?
70410113
What are the prime factors of 26395658?
2, 109, 121081
What are the prime factors of 591858362?
2, 79, 3745939
What are the prime factors of 5213332205?
5, 5393, 193337
List the prime factors of 547952154.
2, 3, 91325359
What are the prime factors of 472106109?
3, 29, 5426507
List the prime factors of 19110091.
7, 11, 13, 17, 1123
What are the prime factors of 199270670?
2, 5, 19, 1048793
What are the prime factors of 1356621555?
3, 5, 90441437
List the prime factors of 126622702.
2, 43, 61, 24137
List the prime factors of 14194256.
2, 887141
List the prime factors of 26429117.
11, 13, 421, 439
List the prime factors of 512024222.
2, 2063, 124097
What are the prime factors of 86000014?
2, 31, 751, 1847
What are the prime factors of 1418306922?
2, 3, 2918327
List the prime factors of 308980171.
211, 359, 4079
List the prime factors of 161544863.
17, 907, 10477
List the prime factors of 242495968.
2, 11, 13, 197, 269
What are the prime factors of 71486038?
2, 13, 43, 1487
What are the prime factors of 84408733?
84408733
What are the prime factors of 208137813?
3, 13, 31, 172157
What are the prime factors of 3368087693?
4241, 794173
What are the prime factors of 1609148573?
1609148573
List the prime factors of 400012926.
2, 3, 647, 103043
List the prime factors of 26198403.
3, 7, 11, 23, 4931
What are the prime factors of 456407240?
2, 5, 617, 18493
List the prime factors of 89106522.
2, 3, 1619, 9173
List the prime factors of 166787186.
2, 83393593
List the prime factors of 3476464126.
2, 149, 2287, 5101
What are the prime factors of 63278449?
13, 53, 91841
What are the prime factors of 3488035099?
53, 223, 421, 701
List the prime factors of 54705001.
13, 4208077
List the prime factors of 27413679.
3, 9137893
List the prime factors of 1559487154.
2, 547, 1425491
What are the prime factors of 629233152?
2, 3, 409657
What are the prime factors of 1721252440?
2, 5, 2089, 20599
List the prime factors of 446825056.
2, 13963283
What are the prime factors of 1035429706?
2, 7297, 70949
What are the prime factors of 355599435?
3, 5, 23, 1030723
What are the prime factors of 5202758628?
2, 3, 16057897
What are the prime factors of 613334629?
23, 661, 40343
List the prime factors of 158677690.
2, 5, 23, 689903
List the prime factors of 258382174.
2, 37, 3491651
What are the prime factors of 256776184?
2, 7, 19, 373, 647
List the prime factors of 3364556493.
3, 673, 1666447
What are the prime factors of 58204588?
2, 13, 1119319
What are the prime factors of 96474146?
2, 48237073
List the prime factors of 204787571.
204787571
What are the prime factors of 69569104?
2, 11, 277, 1427
What are the prime factors of 4035606608?
2, 11, 17, 59, 22861
What are the prime factors of 2513345912?
2, 7, 11, 61, 211, 317
List the prime factors of 3798183520.
2, 5, 17, 53, 26347
List the prime factors of 6059639488.
2, 7, 1932283
What are the prime factors of 101615030?
2, 5, 11, 923773
List the prime factors of 25790431.
25790431
What are the prime factors of 214685004?
2, 3, 17890417
List the prime factors of 518340618.
2, 3, 28796701
List the prime factors of 47672656.
2, 2979541
What are the prime factors of 71056811?
7, 1450139
What are the prime factors of 56239221?
3, 19, 463, 2131
What are the prime factors of 878069377?
878069377
List the prime factors of 21249062.
2, 10624531
What are the prime factors of 2914472834?
2, 7, 13, 43, 372409
What are the prime factors of 81269781?
3, 103, 263009
What are the prime factors of 87987600?
2, 3, 5, 8147
What are the prime factors of 742478987?
10729, 69203
What are the prime factors of 1009496536?
2, 193, 653819
List the prime factors of 12665561.
17, 745033
What are the prime factors of 231187692?
2, 3, 17, 37, 109, 281
List the prime factors of 542593942.
2, 11, 3049, 8089
List the prime factors of 779723534.
2, 7079, 55073
List the prime factors of 8742501.
3, 971389
List the prime factors of 58234467.
3, 139, 359, 389
List the prime factors of 460868205.
3, 5, 7, 4389221
List the prime factors of 155635671.
3, 51878557
List the prime factors of 146029130.
2, 5, 13, 59, 79, 241
What are the prime factors of 22740170?
2, 5, 2274017
List the prime factors of 841111315.
5, 11, 2467, 6199
What are the prime factors of 140169303?
3, 15574367
What are the prime factors of 4269845116?
2, 1067461279
What are the prime factors of 95516135?
5, 11, 13, 19, 79, 89
What are the prime factors of 1079209864?
2, 23, 47, 124793
What are the prime factors of 284451220?
2, 5, 14222561
What are the prime factors of 1759981970?
2, 5, 19, 9263063
List the prime factors of 1738931844.
2, 3, 13, 857, 13007
What are the prime factors of 2710921446?
2, 3, 191, 87613
What are the prime factors of 223531285?
5, 281, 159097
What are the prime factors of 821232324?
2, 3, 11, 29, 197
What are the prime factors of 82605190?
2, 5, 23, 359153
What are the prime factors of 109107007?
109107007
List the prime factors of 16761350.
2, 5, 271, 1237
List the prime factors of 98748263.
19, 103, 50459
What are the prime factors of 1068402092?
2, 267100523
List the prime factors of 1500443011.
41, 36596171
List the prime factors of 178343810.
2, 5, 967, 18443
List the prime factors of 40769446.
2, 157, 827
What are the prime factors of 32002811?
2579, 12409
What are the prime factors of 316729071?
3, 2351, 14969
What are the prime factors of 282272915?
5, 383, 147401
What are the prime factors of 2552820864?
2, 3, 11, 604361
List the prime factors of 12353647.
1033, 11959
What are the prime factors of 104548758?
2, 3, 79, 367, 601
List the prime factors of 515427196.
2, 277, 465187
What are the prime factors of 157357790?
2, 5, 1811, 8689
What are the prime factors of 12152963?
1021, 11903
What are the prime factors of 6727847?
7, 137303
List the prime factors of 3030846432.
2, 3, 557, 56681
List the prime factors of 1337992520.
2, 5, 37, 904049
List the prime factors of 26824409.
19, 59, 23929
What are the prime factors of 10289783?
7, 1469969
What are the prime factors of 58122930?
2, 3, 5, 37, 52363
What are the prime factors of 3028558624?
2, 7, 13, 29, 35863
List the prime factors of 2427159767.
877, 2767571
What are the prime factors of 164770126?
2, 59, 71, 277
What are the prime factors of 716980320?
2, 3, 5, 7, 71129
What are the prime factors of 4052905955?
5, 7, 421, 275053
List the prime factors of 107468679.
3, 17, 1223, 17